{"id":40,"date":"2010-12-10T22:04:02","date_gmt":"2010-12-10T22:04:02","guid":{"rendered":"http:\/\/my.weltladen-heidelberg.de\/?page_id=40"},"modified":"2021-12-02T10:44:04","modified_gmt":"2021-12-02T10:44:04","slug":"bildungslinks","status":"publish","type":"page","link":"https:\/\/www.weltladen-heidelberg.de\/?page_id=40","title":{"rendered":"Bildungslinks"},"content":{"rendered":"<p><strong>Links zu Globalem Lernen<\/strong><\/p>\n<p><strong>&nbsp;<\/strong><\/p>\n<ul>\n<li>Bundesministerium f\u00fcr wirtschaftliche Zusammenarbeit und Entwicklung, Kostenloser Versand von Materialien; Beratung, <a href=\"http:\/\/www.bmz.de\/\" target=\"_blank\" rel=\"noopener\">http:\/\/www.bmz.de<\/a><\/li>\n<li>Deutsche Welthungerhilfe, Versand und Verleih von Materialien und Medien; Beratung; Referentenvermittlung, <a href=\"http:\/\/www.welthungerhilfe.de\/\" target=\"_blank\" rel=\"noopener\">http:\/\/www.welthungerhilfe.de<\/a><\/li>\n<li>Deutscher Entwicklungsdienst, Vermittlung von Referenten, insbes. R\u00fcckkehrerInnen; Vertrieb einiger Materialien; Beratung, <a href=\"http:\/\/www.ded.de\/\" target=\"_blank\" rel=\"noopener\">http:\/\/www.ded.de<\/a><\/li>\n<li>Entwicklungsp\u00e4dagogische Informationszentrum, Beratung; Bundesweiter Verleih von Materialien und Medien, <a href=\"http:\/\/www.epiz.de\/\" target=\"_blank\" rel=\"noopener\">http:\/\/www.epiz.de<\/a><\/li>\n<li>Fachstelle f\u00fcr entwicklungsbezogene P\u00e4dagogik, Beratung vor allem f\u00fcr die neuen Bundesl\u00e4nder; Referentenvermittlung, <a href=\"http:\/\/comenius.de\/\" target=\"_blank\" rel=\"noopener\">http:\/\/comenius.de<\/a><br \/>\n<a href=\"http:\/\/www.globlern21.de\/linkpartner.html\" target=\"_blank\" rel=\"noopener\">http:\/\/www.globlern21.de\/linkpartner.html<\/a>, Internetadressen die Sie direkt mit Partnern in Afrika, S\u00fcdamerika und Asien verbinden.<\/li>\n<li>InfostelleNord-S\u00fcd WUS, <a href=\"http:\/\/www.wusgermany.de\/\" target=\"_blank\" rel=\"noopener\">www.wusgermany.de<\/a><\/li>\n<li>Institut f\u00fcr Lehrerfortbildung, Beratungsstelle f\u00fcr Geographie und globales Lernen, <a href=\"http:\/\/www.globales-lernen.de\/\" target=\"_blank\" rel=\"noopener\">www.globales-lernen.de<\/a><\/li>\n<li>Kindernothilfe, Publikation von Materialien \u00fcber Kinder\/ Kinderprojekte;Verleih von AV-Medien; Beratung, <a href=\"http:\/\/www.kindernothilfe.de\/\" target=\"_blank\" rel=\"noopener\">http:\/\/www.kindernothilfe.de<\/a><\/li>\n<li>Misereor, Publikation von Materialien und Medien; Beratung; Referentenvermittlung, <a href=\"http:\/\/www.misereor.de\/\" target=\"_blank\" rel=\"noopener\">http:\/\/www.misereor.de<\/a><\/li>\n<li>Projekt &#8222;Eine Welt in der Schule &#8211; Klassen 1-10&#8220;, Beratung f\u00fcr LehrerInnen aus dem Primar- und Sek. I- Bereich; Hinweise auf Materialien und Unterrichtseinheiten; Zeitschrift &#8222;Eine Welt in der Schule&#8220;; Verleih von Klassens\u00e4tzen, <a href=\"http:\/\/weltinderschule.uni-bremen.de\/\" target=\"_blank\" rel=\"noopener\">http:\/\/weltinderschule.uni-bremen.de<\/a><\/li>\n<li>Schulprojektstelle Globales Lernen, Beratung; Publikation von Materialien; Internet-Angebote zum globalen Lernen, <a href=\"http:\/\/www.global-lernen.de\/\" target=\"_blank\" rel=\"noopener\">http:\/\/www.global-lernen.de<\/a><\/li>\n<li>Terre des hommes, Vertrieb von Materialien und Medien \u00fcber Kinder\/Kinderprojekte; Beratung, <a href=\"http:\/\/www.tdh.de\/\" target=\"_blank\" rel=\"noopener\">http:\/\/www.tdh.de<\/a><\/li>\n<li>Unicef, Deutsches Komitee, Versand von Materialien und Medien \u00fcber Kinder\/Kinderprojekte: Beratung; Referentenvermittlung, <a href=\"http:\/\/www.unicef.de\/\" target=\"_blank\" rel=\"noopener\">http:\/\/www.unicef.de<\/a><\/li>\n<li>Vamos M\u00fcnster, <a href=\"http:\/\/www.vamos-muenster.de\/vamos\/html\/mitmachen\/schulen_und_vereine\" target=\"_blank\" rel=\"noopener\">http:\/\/www.vamos-muenster.de\/vamos\/html\/mitmachen\/schulen_und_vereine<\/a><\/li>\n<li>Verband entwicklungspolitischer Nichtregierungsorganisationen, <a href=\"http:\/\/www.venro.de\/\" target=\"_blank\" rel=\"noopener\">http:\/\/www.venro.de<\/a><\/li>\n<li>Welthaus Bielefeld, Publikation von didaktischen Materialien; Versandbuchhandlung, Verleih von AV-Medien; Beratung und Materialienhinweise, <a href=\"http:\/\/www.welthaus.de\/\" target=\"_blank\" rel=\"noopener\">http:\/\/www.welthaus.de<\/a><\/li>\n<li><a href=\"http:\/\/www.eine-welt-netz.de\/\" target=\"_blank\" rel=\"noopener\">www.eine-welt-netz.de<\/a>, Adressen und Zug\u00e4nge zu den meisten Akteuren Globalen Lernens in Deutschland (Nichtregierungsorganisationen, Schulberatungsstellen, P\u00e4dagogische Initiativen).<\/li>\n<li><a href=\"http:\/\/www.globaleducation.at\/\" target=\"_blank\" rel=\"noopener\">www.globaleducation.at<\/a> in \u00d6sterreich und das entsprechende Portal f\u00fcr die Schweiz: <a href=\"http:\/\/www.globaleducation.ch\/\" target=\"_blank\" rel=\"noopener\">www.globaleducation.ch<\/a><\/li>\n<li>Brot f\u00fcr die Welt, Publikation von Materialien und Medien; Beratung; Referentenvermittlung, <a href=\"http:\/\/www.brot-fuer-die-welt.de\/\" target=\"_blank\" rel=\"noopener\">http:\/\/www.brot-fuer-die-welt.de<\/a><\/li>\n<\/ul>\n","protected":false},"excerpt":{"rendered":"<p>Links zu Globalem Lernen &nbsp; Bundesministerium f\u00fcr wirtschaftliche Zusammenarbeit und Entwicklung, Kostenloser Versand von Materialien; Beratung, http:\/\/www.bmz.de Deutsche Welthungerhilfe, Versand und Verleih von Materialien und Medien; Beratung; Referentenvermittlung, http:\/\/www.welthungerhilfe.de Deutscher Entwicklungsdienst, Vermittlung von Referenten, insbes. R\u00fcckkehrerInnen; Vertrieb einiger Materialien; Beratung, &hellip;<\/p>\n<p class=\"read-more\"> <a class=\"more-link\" href=\"https:\/\/www.weltladen-heidelberg.de\/?page_id=40\"> <span class=\"screen-reader-text\">Bildungslinks<\/span> Read More &raquo;<\/a><\/p>\n","protected":false},"author":1,"featured_media":0,"parent":18,"menu_order":7,"comment_status":"closed","ping_status":"closed","template":"full-width-page.php","meta":{"footnotes":""},"class_list":["post-40","page","type-page","status-publish","hentry"],"_links":{"self":[{"href":"https:\/\/www.weltladen-heidelberg.de\/index.php?rest_route=\/wp\/v2\/pages\/40","targetHints":{"allow":["GET"]}}],"collection":[{"href":"https:\/\/www.weltladen-heidelberg.de\/index.php?rest_route=\/wp\/v2\/pages"}],"about":[{"href":"https:\/\/www.weltladen-heidelberg.de\/index.php?rest_route=\/wp\/v2\/types\/page"}],"author":[{"embeddable":true,"href":"https:\/\/www.weltladen-heidelberg.de\/index.php?rest_route=\/wp\/v2\/users\/1"}],"replies":[{"embeddable":true,"href":"https:\/\/www.weltladen-heidelberg.de\/index.php?rest_route=%2Fwp%2Fv2%2Fcomments&post=40"}],"version-history":[{"count":5,"href":"https:\/\/www.weltladen-heidelberg.de\/index.php?rest_route=\/wp\/v2\/pages\/40\/revisions"}],"predecessor-version":[{"id":2309,"href":"https:\/\/www.weltladen-heidelberg.de\/index.php?rest_route=\/wp\/v2\/pages\/40\/revisions\/2309"}],"up":[{"embeddable":true,"href":"https:\/\/www.weltladen-heidelberg.de\/index.php?rest_route=\/wp\/v2\/pages\/18"}],"wp:attachment":[{"href":"https:\/\/www.weltladen-heidelberg.de\/index.php?rest_route=%2Fwp%2Fv2%2Fmedia&parent=40"}],"curies":[{"name":"wp","href":"https:\/\/api.w.org\/{rel}","templated":true}]}}