{"id":2024,"date":"2018-06-17T19:25:12","date_gmt":"2018-06-17T19:25:12","guid":{"rendered":"http:\/\/my.weltladen-heidelberg.de\/?page_id=2024"},"modified":"2021-12-07T15:06:44","modified_gmt":"2021-12-07T15:06:44","slug":"entleihbar-ausstellung-zartbitterer-genuss-mit-interaktivem-parcours","status":"publish","type":"page","link":"https:\/\/www.weltladen-heidelberg.de\/?page_id=2024","title":{"rendered":"Ausstellung \u201eZartbitterer Genuss\u201c mit interaktivem Parcours &#8211; entleihbar!"},"content":{"rendered":"<p><a href=\"http:\/\/my.weltladen-heidelberg.de\/wp-content\/uploads\/2018\/06\/Foto-Kakaoausstellung.jpg\" rel=\"attachment wp-att-2025\"><img loading=\"lazy\" decoding=\"async\" class=\"aligncenter wp-image-2025 size-large\" src=\"http:\/\/my.weltladen-heidelberg.de\/wp-content\/uploads\/2018\/06\/Foto-Kakaoausstellung-1024x509.jpg\" alt=\"Foto Kakaoausstellung\" width=\"605\" height=\"301\" srcset=\"https:\/\/www.weltladen-heidelberg.de\/wp-content\/uploads\/2018\/06\/Foto-Kakaoausstellung-1024x509.jpg 1024w, https:\/\/www.weltladen-heidelberg.de\/wp-content\/uploads\/2018\/06\/Foto-Kakaoausstellung-300x149.jpg 300w, https:\/\/www.weltladen-heidelberg.de\/wp-content\/uploads\/2018\/06\/Foto-Kakaoausstellung-768x382.jpg 768w, https:\/\/www.weltladen-heidelberg.de\/wp-content\/uploads\/2018\/06\/Foto-Kakaoausstellung-100x50.jpg 100w, https:\/\/www.weltladen-heidelberg.de\/wp-content\/uploads\/2018\/06\/Foto-Kakaoausstellung-150x75.jpg 150w, https:\/\/www.weltladen-heidelberg.de\/wp-content\/uploads\/2018\/06\/Foto-Kakaoausstellung-200x99.jpg 200w, https:\/\/www.weltladen-heidelberg.de\/wp-content\/uploads\/2018\/06\/Foto-Kakaoausstellung-450x224.jpg 450w, https:\/\/www.weltladen-heidelberg.de\/wp-content\/uploads\/2018\/06\/Foto-Kakaoausstellung-600x298.jpg 600w, https:\/\/www.weltladen-heidelberg.de\/wp-content\/uploads\/2018\/06\/Foto-Kakaoausstellung-900x448.jpg 900w\" sizes=\"auto, (max-width: 605px) 100vw, 605px\" \/><\/a><\/p>\n<h3>Zartbitterer Genuss &#8211; Ausstellungsparcours zu unfairen Bedingungen in der Schokoproduktion<\/h3>\n<p>Der Weltladen Heidelberg-Altstadt bietet zusammen mit dem Globalen Klassenzimmer die neu konzipierte Ausstellung &#8222;Zartbitterer Genuss&#8220; an. Wir laden Sie herzlich ein, die Ausstellung zu entleihen und das Thema faire Schokoladenproduktion in Ihren Unterricht zu integrieren! Der Ausstellungsparcours besteht aus 6 Schautafeln mit ansprechend aufbereiteten Informationen und interaktiven Elementen. Die Sch\u00fclerInnen erhalten Aufgaben, die sie durch den Besuch der verschiedenen Schautafeln l\u00f6sen k\u00f6nnen. Die Ausstellung umfasst folgende Themenschwerpunkte:<\/p>\n<ul>\n<li>Die Macht der Schokoladenindustrie<\/li>\n<li>Der weite Weg der Schokolade<\/li>\n<li>Realit\u00e4t auf der Kakaoplantage\/ Kinderarbeit<\/li>\n<li>Faire Preise sind notwendig!<\/li>\n<li>Siegelkunde: Der Faire Handel auf dem Weg<\/li>\n<li>Aktiv werden &#8211; was Du tun kannst!<\/li>\n<li>Zielgruppe der Ausstellung sind Kinder und Jugendliche der 6. bis 10. Klasse.<\/li>\n<\/ul>\n<p>Anfragen und Reservierung der Ausstellung unter: <a href=\"mailto:bildung@weltladen-heidelberg.de\">bildung@weltladen-heidelberg.de<\/a><br \/>\nAusleihgeb\u00fchr: 40 Euro (Sprechen Sie uns an, wenn Ihr Budget nicht reicht. An den Finanzen soll es nicht scheitern ;-))<\/p>\n<p><a href=\"http:\/\/my.weltladen-heidelberg.de\/wp-content\/uploads\/2018\/06\/20180606_172208.jpg\" rel=\"attachment wp-att-2030\"><img loading=\"lazy\" decoding=\"async\" class=\"alignright wp-image-2030\" src=\"http:\/\/my.weltladen-heidelberg.de\/wp-content\/uploads\/2018\/06\/20180606_172208-300x225.jpg\" alt=\"Schokoausstellung im HBF HD\" width=\"280\" height=\"210\" srcset=\"https:\/\/www.weltladen-heidelberg.de\/wp-content\/uploads\/2018\/06\/20180606_172208-300x225.jpg 300w, https:\/\/www.weltladen-heidelberg.de\/wp-content\/uploads\/2018\/06\/20180606_172208-768x576.jpg 768w, https:\/\/www.weltladen-heidelberg.de\/wp-content\/uploads\/2018\/06\/20180606_172208-1024x768.jpg 1024w, https:\/\/www.weltladen-heidelberg.de\/wp-content\/uploads\/2018\/06\/20180606_172208-100x75.jpg 100w, https:\/\/www.weltladen-heidelberg.de\/wp-content\/uploads\/2018\/06\/20180606_172208-150x113.jpg 150w, https:\/\/www.weltladen-heidelberg.de\/wp-content\/uploads\/2018\/06\/20180606_172208-200x150.jpg 200w, https:\/\/www.weltladen-heidelberg.de\/wp-content\/uploads\/2018\/06\/20180606_172208-450x338.jpg 450w, https:\/\/www.weltladen-heidelberg.de\/wp-content\/uploads\/2018\/06\/20180606_172208-600x450.jpg 600w, https:\/\/www.weltladen-heidelberg.de\/wp-content\/uploads\/2018\/06\/20180606_172208-900x675.jpg 900w\" sizes=\"auto, (max-width: 280px) 100vw, 280px\" \/><\/a><\/p>\n<p><a href=\"http:\/\/my.weltladen-heidelberg.de\/wp-content\/uploads\/2018\/06\/logos.png\" rel=\"attachment wp-att-2032\"><img loading=\"lazy\" decoding=\"async\" class=\"aligncenter wp-image-2032 size-large\" src=\"http:\/\/my.weltladen-heidelberg.de\/wp-content\/uploads\/2018\/06\/logos-1024x183.png\" alt=\"Logos der Beteiligten\" width=\"605\" height=\"108\" srcset=\"https:\/\/www.weltladen-heidelberg.de\/wp-content\/uploads\/2018\/06\/logos-1024x183.png 1024w, https:\/\/www.weltladen-heidelberg.de\/wp-content\/uploads\/2018\/06\/logos-300x54.png 300w, https:\/\/www.weltladen-heidelberg.de\/wp-content\/uploads\/2018\/06\/logos-768x138.png 768w, https:\/\/www.weltladen-heidelberg.de\/wp-content\/uploads\/2018\/06\/logos-100x18.png 100w, https:\/\/www.weltladen-heidelberg.de\/wp-content\/uploads\/2018\/06\/logos-150x27.png 150w, https:\/\/www.weltladen-heidelberg.de\/wp-content\/uploads\/2018\/06\/logos-200x36.png 200w, https:\/\/www.weltladen-heidelberg.de\/wp-content\/uploads\/2018\/06\/logos-450x81.png 450w, https:\/\/www.weltladen-heidelberg.de\/wp-content\/uploads\/2018\/06\/logos-600x108.png 600w, https:\/\/www.weltladen-heidelberg.de\/wp-content\/uploads\/2018\/06\/logos-900x161.png 900w, https:\/\/www.weltladen-heidelberg.de\/wp-content\/uploads\/2018\/06\/logos.png 1200w\" sizes=\"auto, (max-width: 605px) 100vw, 605px\" \/><\/a><\/p>\n","protected":false},"excerpt":{"rendered":"<p>Zartbitterer Genuss &#8211; Ausstellungsparcours zu unfairen Bedingungen in der Schokoproduktion Der Weltladen Heidelberg-Altstadt bietet zusammen mit dem Globalen Klassenzimmer die neu konzipierte Ausstellung &#8222;Zartbitterer Genuss&#8220; an. Wir laden Sie herzlich ein, die Ausstellung zu entleihen und das Thema faire Schokoladenproduktion &hellip;<\/p>\n<p class=\"read-more\"> <a class=\"more-link\" href=\"https:\/\/www.weltladen-heidelberg.de\/?page_id=2024\"> <span class=\"screen-reader-text\">Ausstellung \u201eZartbitterer Genuss\u201c mit interaktivem Parcours &#8211; entleihbar!<\/span> Read More &raquo;<\/a><\/p>\n","protected":false},"author":1,"featured_media":0,"parent":2298,"menu_order":0,"comment_status":"closed","ping_status":"closed","template":"full-width-page.php","meta":{"footnotes":""},"class_list":["post-2024","page","type-page","status-publish","hentry"],"_links":{"self":[{"href":"https:\/\/www.weltladen-heidelberg.de\/index.php?rest_route=\/wp\/v2\/pages\/2024","targetHints":{"allow":["GET"]}}],"collection":[{"href":"https:\/\/www.weltladen-heidelberg.de\/index.php?rest_route=\/wp\/v2\/pages"}],"about":[{"href":"https:\/\/www.weltladen-heidelberg.de\/index.php?rest_route=\/wp\/v2\/types\/page"}],"author":[{"embeddable":true,"href":"https:\/\/www.weltladen-heidelberg.de\/index.php?rest_route=\/wp\/v2\/users\/1"}],"replies":[{"embeddable":true,"href":"https:\/\/www.weltladen-heidelberg.de\/index.php?rest_route=%2Fwp%2Fv2%2Fcomments&post=2024"}],"version-history":[{"count":15,"href":"https:\/\/www.weltladen-heidelberg.de\/index.php?rest_route=\/wp\/v2\/pages\/2024\/revisions"}],"predecessor-version":[{"id":2300,"href":"https:\/\/www.weltladen-heidelberg.de\/index.php?rest_route=\/wp\/v2\/pages\/2024\/revisions\/2300"}],"up":[{"embeddable":true,"href":"https:\/\/www.weltladen-heidelberg.de\/index.php?rest_route=\/wp\/v2\/pages\/2298"}],"wp:attachment":[{"href":"https:\/\/www.weltladen-heidelberg.de\/index.php?rest_route=%2Fwp%2Fv2%2Fmedia&parent=2024"}],"curies":[{"name":"wp","href":"https:\/\/api.w.org\/{rel}","templated":true}]}}

<p><a href="http://my.weltladen-heidelberg.de/wp-content/uploads/2018/06/Foto-Kakaoausstellung.jpg" rel="attachment wp-att-2025"><img loading="lazy" decoding="async" class="aligncenter wp-image-2025 size-large" src="http://my.weltladen-heidelberg.de/wp-content/uploads/2018/06/Foto-Kakaoausstellung-1024x509.jpg" alt="Foto Kakaoausstellung" width="605" height="301" srcset="https://www.weltladen-heidelberg.de/wp-content/uploads/2018/06/Foto-Kakaoausstellung-1024x509.jpg 1024w, https://www.weltladen-heidelberg.de/wp-content/uploads/2018/06/Foto-Kakaoausstellung-300x149.jpg 300w, https://www.weltladen-heidelberg.de/wp-content/uploads/2018/06/Foto-Kakaoausstellung-768x382.jpg 768w, https://www.weltladen-heidelberg.de/wp-content/uploads/2018/06/Foto-Kakaoausstellung-100x50.jpg 100w, https://www.weltladen-heidelberg.de/wp-content/uploads/2018/06/Foto-Kakaoausstellung-150x75.jpg 150w, https://www.weltladen-heidelberg.de/wp-content/uploads/2018/06/Foto-Kakaoausstellung-200x99.jpg 200w, https://www.weltladen-heidelberg.de/wp-content/uploads/2018/06/Foto-Kakaoausstellung-450x224.jpg 450w, https://www.weltladen-heidelberg.de/wp-content/uploads/2018/06/Foto-Kakaoausstellung-600x298.jpg 600w, https://www.weltladen-heidelberg.de/wp-content/uploads/2018/06/Foto-Kakaoausstellung-900x448.jpg 900w" sizes="auto, (max-width: 605px) 100vw, 605px" /></a></p>
<h3>Zartbitterer Genuss &#8211; Ausstellungsparcours zu unfairen Bedingungen in der Schokoproduktion</h3>
<p>Der Weltladen Heidelberg-Altstadt bietet zusammen mit dem Globalen Klassenzimmer die neu konzipierte Ausstellung &#8222;Zartbitterer Genuss&#8220; an. Wir laden Sie herzlich ein, die Ausstellung zu entleihen und das Thema faire Schokoladenproduktion in Ihren Unterricht zu integrieren! Der Ausstellungsparcours besteht aus 6 Schautafeln mit ansprechend aufbereiteten Informationen und interaktiven Elementen. Die SchülerInnen erhalten Aufgaben, die sie durch den Besuch der verschiedenen Schautafeln lösen können. Die Ausstellung umfasst folgende Themenschwerpunkte:</p>
<ul>
<li>Die Macht der Schokoladenindustrie</li>
<li>Der weite Weg der Schokolade</li>
<li>Realität auf der Kakaoplantage/ Kinderarbeit</li>
<li>Faire Preise sind notwendig!</li>
<li>Siegelkunde: Der Faire Handel auf dem Weg</li>
<li>Aktiv werden &#8211; was Du tun kannst!</li>
<li>Zielgruppe der Ausstellung sind Kinder und Jugendliche der 6. bis 10. Klasse.</li>
</ul>
<p>Anfragen und Reservierung der Ausstellung unter: <a href="mailto:bildung@weltladen-heidelberg.de">bildung@weltladen-heidelberg.de</a><br />
Ausleihgebühr: 40 Euro (Sprechen Sie uns an, wenn Ihr Budget nicht reicht. An den Finanzen soll es nicht scheitern ;-))</p>
<p><a href="http://my.weltladen-heidelberg.de/wp-content/uploads/2018/06/20180606_172208.jpg" rel="attachment wp-att-2030"><img loading="lazy" decoding="async" class="alignright wp-image-2030" src="http://my.weltladen-heidelberg.de/wp-content/uploads/2018/06/20180606_172208-300x225.jpg" alt="Schokoausstellung im HBF HD" width="280" height="210" srcset="https://www.weltladen-heidelberg.de/wp-content/uploads/2018/06/20180606_172208-300x225.jpg 300w, https://www.weltladen-heidelberg.de/wp-content/uploads/2018/06/20180606_172208-768x576.jpg 768w, https://www.weltladen-heidelberg.de/wp-content/uploads/2018/06/20180606_172208-1024x768.jpg 1024w, https://www.weltladen-heidelberg.de/wp-content/uploads/2018/06/20180606_172208-100x75.jpg 100w, https://www.weltladen-heidelberg.de/wp-content/uploads/2018/06/20180606_172208-150x113.jpg 150w, https://www.weltladen-heidelberg.de/wp-content/uploads/2018/06/20180606_172208-200x150.jpg 200w, https://www.weltladen-heidelberg.de/wp-content/uploads/2018/06/20180606_172208-450x338.jpg 450w, https://www.weltladen-heidelberg.de/wp-content/uploads/2018/06/20180606_172208-600x450.jpg 600w, https://www.weltladen-heidelberg.de/wp-content/uploads/2018/06/20180606_172208-900x675.jpg 900w" sizes="auto, (max-width: 280px) 100vw, 280px" /></a></p>
<p><a href="http://my.weltladen-heidelberg.de/wp-content/uploads/2018/06/logos.png" rel="attachment wp-att-2032"><img loading="lazy" decoding="async" class="aligncenter wp-image-2032 size-large" src="http://my.weltladen-heidelberg.de/wp-content/uploads/2018/06/logos-1024x183.png" alt="Logos der Beteiligten" width="605" height="108" srcset="https://www.weltladen-heidelberg.de/wp-content/uploads/2018/06/logos-1024x183.png 1024w, https://www.weltladen-heidelberg.de/wp-content/uploads/2018/06/logos-300x54.png 300w, https://www.weltladen-heidelberg.de/wp-content/uploads/2018/06/logos-768x138.png 768w, https://www.weltladen-heidelberg.de/wp-content/uploads/2018/06/logos-100x18.png 100w, https://www.weltladen-heidelberg.de/wp-content/uploads/2018/06/logos-150x27.png 150w, https://www.weltladen-heidelberg.de/wp-content/uploads/2018/06/logos-200x36.png 200w, https://www.weltladen-heidelberg.de/wp-content/uploads/2018/06/logos-450x81.png 450w, https://www.weltladen-heidelberg.de/wp-content/uploads/2018/06/logos-600x108.png 600w, https://www.weltladen-heidelberg.de/wp-content/uploads/2018/06/logos-900x161.png 900w, https://www.weltladen-heidelberg.de/wp-content/uploads/2018/06/logos.png 1200w" sizes="auto, (max-width: 605px) 100vw, 605px" /></a></p>
