{"id":20,"date":"2010-12-10T21:56:45","date_gmt":"2010-12-10T21:56:45","guid":{"rendered":"http:\/\/my.weltladen-heidelberg.de\/?page_id=20"},"modified":"2021-12-02T11:33:54","modified_gmt":"2021-12-02T11:33:54","slug":"globales-lernen","status":"publish","type":"page","link":"https:\/\/www.weltladen-heidelberg.de\/?page_id=20","title":{"rendered":"Unser Bildungskonzept"},"content":{"rendered":"\n<figure class=\"wp-block-image size-large\"><img loading=\"lazy\" decoding=\"async\" width=\"1024\" height=\"530\" src=\"http:\/\/my.weltladen-heidelberg.de\/wp-content\/uploads\/2021\/06\/Globales-Lernen-2-1024x530.png\" alt=\"\" class=\"wp-image-2240\" srcset=\"https:\/\/www.weltladen-heidelberg.de\/wp-content\/uploads\/2021\/06\/Globales-Lernen-2-1024x530.png 1024w, https:\/\/www.weltladen-heidelberg.de\/wp-content\/uploads\/2021\/06\/Globales-Lernen-2-300x155.png 300w, https:\/\/www.weltladen-heidelberg.de\/wp-content\/uploads\/2021\/06\/Globales-Lernen-2-768x398.png 768w, https:\/\/www.weltladen-heidelberg.de\/wp-content\/uploads\/2021\/06\/Globales-Lernen-2-1536x795.png 1536w, https:\/\/www.weltladen-heidelberg.de\/wp-content\/uploads\/2021\/06\/Globales-Lernen-2-100x52.png 100w, https:\/\/www.weltladen-heidelberg.de\/wp-content\/uploads\/2021\/06\/Globales-Lernen-2-150x78.png 150w, https:\/\/www.weltladen-heidelberg.de\/wp-content\/uploads\/2021\/06\/Globales-Lernen-2-200x104.png 200w, https:\/\/www.weltladen-heidelberg.de\/wp-content\/uploads\/2021\/06\/Globales-Lernen-2-450x233.png 450w, https:\/\/www.weltladen-heidelberg.de\/wp-content\/uploads\/2021\/06\/Globales-Lernen-2-600x311.png 600w, https:\/\/www.weltladen-heidelberg.de\/wp-content\/uploads\/2021\/06\/Globales-Lernen-2-900x466.png 900w, https:\/\/www.weltladen-heidelberg.de\/wp-content\/uploads\/2021\/06\/Globales-Lernen-2.png 1731w\" sizes=\"auto, (max-width: 1024px) 100vw, 1024px\" \/><\/figure>\n\n\n<p>Kinder und Jugendliche ben\u00f6tigen innerhalb der globalisierten Welt Kompetenzen, die es ihnen erm\u00f6glichen, <strong>weltweite Zusammenh\u00e4nge zu erkennen<\/strong>, sich selbst darin zu verorten und verantwortlich zu handeln. Die globalisierte Welt braucht ihrerseits Kinder und Jugendliche, die sich jetzt und sp\u00e4ter als Erwachsene f\u00fcr eine <strong>nachhaltige, gerechte und solidarische Weltentwicklung<\/strong> einsetzen.<\/p>\n<p>Unsere Bildungsangebote folgen dem <strong>Bildungskonzept des Globalen Lernens<\/strong>, der mit <strong>erlebnisorientierten und interaktiven Methoden<\/strong> Globalit\u00e4t f\u00fcr Kinder und Jugendliche erfahrbar machen m\u00f6chte. In unseren <strong>Workshops und bei Besuchen im Weltladen<\/strong> begegnen sie den Menschen hinter den Produkten, lernen deren Lebenswelt kennen und verstehen die Auswirkungen ihres eigenen Lebensstiles und ihrer Konsumentscheidungen.<\/p>\n<p>Unsere Angebote richten sich an Schulklassen aller Schulformen, Kitas sowie an Kinder- und Jugendgruppen aus Jugendverb\u00e4nden und Gemeinden. Gerne unterst\u00fctzen wir Sie auch bei Projektwochen oder Schulfesten.<\/p>\n<p><strong>Bei Interesse kontaktieren Sie gerne unsere Bildungsreferentin Lena Geisel-Frings<br \/><\/strong><\/p>\n<p>Email: bildung@weltladen-heidelberg.de<\/p>","protected":false},"excerpt":{"rendered":"<p>Kinder und Jugendliche ben\u00f6tigen innerhalb der globalisierten Welt Kompetenzen, die es ihnen erm\u00f6glichen, weltweite Zusammenh\u00e4nge zu erkennen, sich selbst darin zu verorten und verantwortlich zu handeln. Die globalisierte Welt braucht ihrerseits Kinder und Jugendliche, die sich jetzt und sp\u00e4ter als &hellip;<\/p>\n<p class=\"read-more\"> <a class=\"more-link\" href=\"https:\/\/www.weltladen-heidelberg.de\/?page_id=20\"> <span class=\"screen-reader-text\">Unser Bildungskonzept<\/span> Read More &raquo;<\/a><\/p>\n","protected":false},"author":1,"featured_media":0,"parent":18,"menu_order":1,"comment_status":"closed","ping_status":"closed","template":"full-width-page.php","meta":{"footnotes":""},"class_list":["post-20","page","type-page","status-publish","hentry"],"_links":{"self":[{"href":"https:\/\/www.weltladen-heidelberg.de\/index.php?rest_route=\/wp\/v2\/pages\/20","targetHints":{"allow":["GET"]}}],"collection":[{"href":"https:\/\/www.weltladen-heidelberg.de\/index.php?rest_route=\/wp\/v2\/pages"}],"about":[{"href":"https:\/\/www.weltladen-heidelberg.de\/index.php?rest_route=\/wp\/v2\/types\/page"}],"author":[{"embeddable":true,"href":"https:\/\/www.weltladen-heidelberg.de\/index.php?rest_route=\/wp\/v2\/users\/1"}],"replies":[{"embeddable":true,"href":"https:\/\/www.weltladen-heidelberg.de\/index.php?rest_route=%2Fwp%2Fv2%2Fcomments&post=20"}],"version-history":[{"count":11,"href":"https:\/\/www.weltladen-heidelberg.de\/index.php?rest_route=\/wp\/v2\/pages\/20\/revisions"}],"predecessor-version":[{"id":2350,"href":"https:\/\/www.weltladen-heidelberg.de\/index.php?rest_route=\/wp\/v2\/pages\/20\/revisions\/2350"}],"up":[{"embeddable":true,"href":"https:\/\/www.weltladen-heidelberg.de\/index.php?rest_route=\/wp\/v2\/pages\/18"}],"wp:attachment":[{"href":"https:\/\/www.weltladen-heidelberg.de\/index.php?rest_route=%2Fwp%2Fv2%2Fmedia&parent=20"}],"curies":[{"name":"wp","href":"https:\/\/api.w.org\/{rel}","templated":true}]}}