{"id":18,"date":"2010-12-10T21:55:18","date_gmt":"2010-12-10T21:55:18","guid":{"rendered":"http:\/\/my.weltladen-heidelberg.de\/?page_id=18"},"modified":"2021-12-07T14:59:45","modified_gmt":"2021-12-07T14:59:45","slug":"bildungsarbeit","status":"publish","type":"page","link":"https:\/\/www.weltladen-heidelberg.de\/?page_id=18","title":{"rendered":"Bildungsarbeit"},"content":{"rendered":"<p><strong>Bildungs- und \u00d6ffentlichkeitsarbeit<\/strong> ist neben dem Verkauf fair gehandelter Produkte eine zentrale S\u00e4ule der Weltladenarbeit. Wir wollen damit auf bestehende Ungerechtigkeiten im Welthandel hinweisen und Alternativen aufzeigen.<\/p>\n<p>Sie k\u00f6nnen Workshops buchen, Bildungsmaterialien entleihen, Veranstaltungen besuchen oder sich ehrenamtlich engagieren.<\/p>\n<p>Erfahren Sie \u00fcber die weiterf\u00fchrenden Men\u00fcpunkte mehr.<\/p>\n<p>F\u00fcr Anfragen und Informationen zu unserer Bildungsarbeit kontaktieren Sie gerne unsere <strong>Bildungsreferentin Lena Geisel-Frings<\/strong>.<\/p>\n<p>Email: bildung@weltladen-heidelberg.de<\/p>\n<p>Bildungsb\u00fcro Weltladen Heidelberg-Altstadt<br \/>\nc\/o WeltHaus Heidelberg<br \/>\nWilly-Brandt-Platz 5<br \/>\n69115 Heidelberg<\/p>\n","protected":false},"excerpt":{"rendered":"<p>Bildungs- und \u00d6ffentlichkeitsarbeit ist neben dem Verkauf fair gehandelter Produkte eine zentrale S\u00e4ule der Weltladenarbeit. Wir wollen damit auf bestehende Ungerechtigkeiten im Welthandel hinweisen und Alternativen aufzeigen. Sie k\u00f6nnen Workshops buchen, Bildungsmaterialien entleihen, Veranstaltungen besuchen oder sich ehrenamtlich engagieren. Erfahren &hellip;<\/p>\n<p class=\"read-more\"> <a class=\"more-link\" href=\"https:\/\/www.weltladen-heidelberg.de\/?page_id=18\"> <span class=\"screen-reader-text\">Bildungsarbeit<\/span> Read More &raquo;<\/a><\/p>\n","protected":false},"author":1,"featured_media":0,"parent":0,"menu_order":20,"comment_status":"closed","ping_status":"closed","template":"full-width-page.php","meta":{"footnotes":""},"class_list":["post-18","page","type-page","status-publish","hentry"],"_links":{"self":[{"href":"https:\/\/www.weltladen-heidelberg.de\/index.php?rest_route=\/wp\/v2\/pages\/18","targetHints":{"allow":["GET"]}}],"collection":[{"href":"https:\/\/www.weltladen-heidelberg.de\/index.php?rest_route=\/wp\/v2\/pages"}],"about":[{"href":"https:\/\/www.weltladen-heidelberg.de\/index.php?rest_route=\/wp\/v2\/types\/page"}],"author":[{"embeddable":true,"href":"https:\/\/www.weltladen-heidelberg.de\/index.php?rest_route=\/wp\/v2\/users\/1"}],"replies":[{"embeddable":true,"href":"https:\/\/www.weltladen-heidelberg.de\/index.php?rest_route=%2Fwp%2Fv2%2Fcomments&post=18"}],"version-history":[{"count":5,"href":"https:\/\/www.weltladen-heidelberg.de\/index.php?rest_route=\/wp\/v2\/pages\/18\/revisions"}],"predecessor-version":[{"id":2358,"href":"https:\/\/www.weltladen-heidelberg.de\/index.php?rest_route=\/wp\/v2\/pages\/18\/revisions\/2358"}],"wp:attachment":[{"href":"https:\/\/www.weltladen-heidelberg.de\/index.php?rest_route=%2Fwp%2Fv2%2Fmedia&parent=18"}],"curies":[{"name":"wp","href":"https:\/\/api.w.org\/{rel}","templated":true}]}}