{"id":1748,"date":"2014-04-27T08:56:17","date_gmt":"2014-04-27T08:56:17","guid":{"rendered":"http:\/\/my.weltladen-heidelberg.de\/?page_id=1748"},"modified":"2014-04-27T08:56:17","modified_gmt":"2014-04-27T08:56:17","slug":"produktinfo-scoobie-wire-armbaender-ohrringe-und-halsketten","status":"publish","type":"page","link":"https:\/\/www.weltladen-heidelberg.de\/?page_id=1748","title":{"rendered":"Produktinfo: Scoobie Wire Armb\u00e4nder, Ohrringe und Halsketten"},"content":{"rendered":"<p><a href=\"http:\/\/my.weltladen-heidelberg.de\/wp-content\/uploads\/2013\/12\/usisi.jpg\"><img loading=\"lazy\" decoding=\"async\" class=\"alignleft size-full wp-image-1559\" style=\"margin: 5px;\" alt=\"usisi\" src=\"http:\/\/my.weltladen-heidelberg.de\/wp-content\/uploads\/2013\/12\/usisi.jpg\" width=\"300\" height=\"135\" \/><\/a>uSisi Design aus Pietermaritzburg in S\u00fcdafrika stellt einzigartigen Schmuck aus &#8222;Scoobie Wire&#8220; (Telefonkabeln) her. In der Produktion werden unterschiedliche, zum Teil sehr alte Techniken der traditionellen Flechtkunst, des Webens und Umwickelns verwendet. So entstehen Schmuckst\u00fccke, die eine reiche Geschichte zu erz\u00e4hlen haben.<\/p>\n<p>Mittlerweile haben mehr als einhundert Frauen f\u00fcr das Projekt gearbeitet. Durch ihr Einkommen wurde es m\u00f6glich, ihre Kinder in die Schule zu schicken, H\u00e4user zu bauen und daf\u00fcr zu sorgen, dass das t\u00e4gliche Essen auf dem Tisch steht. Die Kunsthandwerkerinnen kommen ein- oder zweimal pro Woche in den Workshop, wo sie die Rohmaterialien und entsprechende Instruktionen erhalten. Die Herstellung des Schmucks erfolgt dann zu Hause &#8211; mit dem Vorteil, dass die Frauen gleichzeitig f\u00fcr Kinder und Haushalt da sein k\u00f6nnen und es zus\u00e4tzlich Geld spart, da t\u00e4gliche Fahrtkosten entfallen.<\/p>\n<p>Eine gro\u00dfe Auswahl von Armb\u00e4ndern, Ohrringen und Halsketten gibt es im Weltladen Heidelberg-Altstadt.<\/p>\n<p><em>Angaben vom H\u00e4ndler<\/em><\/p>\n","protected":false},"excerpt":{"rendered":"<p>uSisi Design aus Pietermaritzburg in S\u00fcdafrika stellt einzigartigen Schmuck aus &#8222;Scoobie Wire&#8220; (Telefonkabeln) her. In der Produktion werden unterschiedliche, zum Teil sehr alte Techniken der traditionellen Flechtkunst, des Webens und Umwickelns verwendet. So entstehen Schmuckst\u00fccke, die eine reiche Geschichte zu &hellip;<\/p>\n<p class=\"read-more\"> <a class=\"more-link\" href=\"https:\/\/www.weltladen-heidelberg.de\/?page_id=1748\"> <span class=\"screen-reader-text\">Produktinfo: Scoobie Wire Armb\u00e4nder, Ohrringe und Halsketten<\/span> Read More &raquo;<\/a><\/p>\n","protected":false},"author":1,"featured_media":0,"parent":9,"menu_order":0,"comment_status":"closed","ping_status":"closed","template":"","meta":{"footnotes":""},"class_list":["post-1748","page","type-page","status-publish","hentry"],"_links":{"self":[{"href":"https:\/\/www.weltladen-heidelberg.de\/index.php?rest_route=\/wp\/v2\/pages\/1748","targetHints":{"allow":["GET"]}}],"collection":[{"href":"https:\/\/www.weltladen-heidelberg.de\/index.php?rest_route=\/wp\/v2\/pages"}],"about":[{"href":"https:\/\/www.weltladen-heidelberg.de\/index.php?rest_route=\/wp\/v2\/types\/page"}],"author":[{"embeddable":true,"href":"https:\/\/www.weltladen-heidelberg.de\/index.php?rest_route=\/wp\/v2\/users\/1"}],"replies":[{"embeddable":true,"href":"https:\/\/www.weltladen-heidelberg.de\/index.php?rest_route=%2Fwp%2Fv2%2Fcomments&post=1748"}],"version-history":[{"count":2,"href":"https:\/\/www.weltladen-heidelberg.de\/index.php?rest_route=\/wp\/v2\/pages\/1748\/revisions"}],"predecessor-version":[{"id":1750,"href":"https:\/\/www.weltladen-heidelberg.de\/index.php?rest_route=\/wp\/v2\/pages\/1748\/revisions\/1750"}],"up":[{"embeddable":true,"href":"https:\/\/www.weltladen-heidelberg.de\/index.php?rest_route=\/wp\/v2\/pages\/9"}],"wp:attachment":[{"href":"https:\/\/www.weltladen-heidelberg.de\/index.php?rest_route=%2Fwp%2Fv2%2Fmedia&parent=1748"}],"curies":[{"name":"wp","href":"https:\/\/api.w.org\/{rel}","templated":true}]}}