{"id":1683,"date":"2014-03-02T08:53:22","date_gmt":"2014-03-02T08:53:22","guid":{"rendered":"http:\/\/my.weltladen-heidelberg.de\/?page_id=1683"},"modified":"2024-03-29T09:11:35","modified_gmt":"2024-03-29T09:11:35","slug":"1683-2","status":"publish","type":"page","link":"https:\/\/www.weltladen-heidelberg.de\/","title":{"rendered":""},"content":{"rendered":"<h2 style=\"text-align: center;\">Willkommen im Weltladen Heidelberg-Altstadt!<\/h2>\n<h4 style=\"text-align: center;\"><em>Fachgesch\u00e4ft f\u00fcr Fairen Handel &amp; <\/em><em><a href=\"http:\/\/my.weltladen-heidelberg.de\/?page_id=14\">Stehcaf\u00e9<\/a> Fair-Bio-Vegan<\/em><\/h4>\n<p style=\"text-align: center;\"><div id=\"metaslider-id-1665\" style=\"max-width: 600px; margin: 0 auto;\" class=\"ml-slider-3-20-3 metaslider metaslider-flex metaslider-1665 ml-slider\">\n    <div id=\"metaslider_container_1665\">\n        <div id=\"metaslider_1665\" class=\"flexslider\">\n            <ul aria-live=\"polite\" class=\"slides\">\n                <li style=\"display: block; width: 100%;\" class=\"slide-2650 ms-image\"><img loading=\"lazy\" decoding=\"async\" src=\"https:\/\/www.weltladen-heidelberg.de\/wp-content\/uploads\/2024\/03\/Mitarbeit-Weltladen-Heidelberg-600x550.jpg\" height=\"550\" width=\"600\" alt=\"\" class=\"slider-1665 slide-2650\" title=\"Mitarbeit-Weltladen-Heidelberg\" \/><\/li>\n                <li style=\"display: none; width: 100%;\" class=\"slide-2455 ms-image\"><img loading=\"lazy\" decoding=\"async\" src=\"https:\/\/www.weltladen-heidelberg.de\/wp-content\/uploads\/2022\/06\/whdfav58-scaled-600x550.jpg\" height=\"550\" width=\"600\" alt=\"\" class=\"slider-1665 slide-2455\" title=\"whdfav58\" \/><\/li>\n                <li style=\"display: none; width: 100%;\" class=\"slide-2537 ms-image\"><img loading=\"lazy\" decoding=\"async\" src=\"https:\/\/www.weltladen-heidelberg.de\/wp-content\/uploads\/2022\/06\/whd33_upload-600x550.jpg\" height=\"550\" width=\"600\" alt=\"\" class=\"slider-1665 slide-2537\" title=\"Drogerieprodukte\" \/><\/li>\n                <li style=\"display: none; width: 100%;\" class=\"slide-2535 ms-image\"><img loading=\"lazy\" decoding=\"async\" src=\"https:\/\/www.weltladen-heidelberg.de\/wp-content\/uploads\/2022\/06\/whd38_upload-600x550.jpg\" height=\"550\" width=\"600\" alt=\"\" class=\"slider-1665 slide-2535\" title=\"Schmuck\" \/><\/li>\n                <li style=\"display: none; width: 100%;\" class=\"slide-2533 ms-image\"><img loading=\"lazy\" decoding=\"async\" src=\"https:\/\/www.weltladen-heidelberg.de\/wp-content\/uploads\/2022\/06\/whdfav9_upload-600x550.jpg\" height=\"550\" width=\"600\" alt=\"\" class=\"slider-1665 slide-2533\" title=\"Gl\u00e4ser&amp;Geschirr\" \/><\/li>\n            <\/ul>\n        <\/div>\n        \n    <\/div>\n<\/div><\/p>\n","protected":false},"excerpt":{"rendered":"<p>Willkommen im Weltladen Heidelberg-Altstadt! Fachgesch\u00e4ft f\u00fcr Fairen Handel &amp; Stehcaf\u00e9 Fair-Bio-Vegan<\/p>\n","protected":false},"author":1,"featured_media":0,"parent":0,"menu_order":0,"comment_status":"closed","ping_status":"closed","template":"","meta":{"footnotes":""},"class_list":["post-1683","page","type-page","status-publish","hentry"],"_links":{"self":[{"href":"https:\/\/www.weltladen-heidelberg.de\/index.php?rest_route=\/wp\/v2\/pages\/1683","targetHints":{"allow":["GET"]}}],"collection":[{"href":"https:\/\/www.weltladen-heidelberg.de\/index.php?rest_route=\/wp\/v2\/pages"}],"about":[{"href":"https:\/\/www.weltladen-heidelberg.de\/index.php?rest_route=\/wp\/v2\/types\/page"}],"author":[{"embeddable":true,"href":"https:\/\/www.weltladen-heidelberg.de\/index.php?rest_route=\/wp\/v2\/users\/1"}],"replies":[{"embeddable":true,"href":"https:\/\/www.weltladen-heidelberg.de\/index.php?rest_route=%2Fwp%2Fv2%2Fcomments&post=1683"}],"version-history":[{"count":107,"href":"https:\/\/www.weltladen-heidelberg.de\/index.php?rest_route=\/wp\/v2\/pages\/1683\/revisions"}],"predecessor-version":[{"id":2816,"href":"https:\/\/www.weltladen-heidelberg.de\/index.php?rest_route=\/wp\/v2\/pages\/1683\/revisions\/2816"}],"wp:attachment":[{"href":"https:\/\/www.weltladen-heidelberg.de\/index.php?rest_route=%2Fwp%2Fv2%2Fmedia&parent=1683"}],"curies":[{"name":"wp","href":"https:\/\/api.w.org\/{rel}","templated":true}]}}