{"id":14,"date":"2010-12-10T21:52:13","date_gmt":"2010-12-10T21:52:13","guid":{"rendered":"http:\/\/my.weltladen-heidelberg.de\/?page_id=14"},"modified":"2024-04-15T15:01:51","modified_gmt":"2024-04-15T15:01:51","slug":"stehcafe","status":"publish","type":"page","link":"https:\/\/www.weltladen-heidelberg.de\/?page_id=14","title":{"rendered":"Stehcaf\u00e9"},"content":{"rendered":"<div class=\"wp-block-image is-style-rounded\">\n<figure class=\"alignleft\"><img loading=\"lazy\" decoding=\"async\" width=\"300\" height=\"400\" src=\"http:\/\/my.weltladen-heidelberg.de\/wp-content\/uploads\/2022\/06\/whdfav60_upload-300x400.jpg\" alt=\"\" class=\"wp-image-2539\" srcset=\"https:\/\/www.weltladen-heidelberg.de\/wp-content\/uploads\/2022\/06\/whdfav60_upload-300x400.jpg 300w, https:\/\/www.weltladen-heidelberg.de\/wp-content\/uploads\/2022\/06\/whdfav60_upload-767x1024.jpg 767w, https:\/\/www.weltladen-heidelberg.de\/wp-content\/uploads\/2022\/06\/whdfav60_upload-768x1025.jpg 768w, https:\/\/www.weltladen-heidelberg.de\/wp-content\/uploads\/2022\/06\/whdfav60_upload-1151x1536.jpg 1151w, https:\/\/www.weltladen-heidelberg.de\/wp-content\/uploads\/2022\/06\/whdfav60_upload-100x133.jpg 100w, https:\/\/www.weltladen-heidelberg.de\/wp-content\/uploads\/2022\/06\/whdfav60_upload-150x200.jpg 150w, https:\/\/www.weltladen-heidelberg.de\/wp-content\/uploads\/2022\/06\/whdfav60_upload-200x267.jpg 200w, https:\/\/www.weltladen-heidelberg.de\/wp-content\/uploads\/2022\/06\/whdfav60_upload-450x600.jpg 450w, https:\/\/www.weltladen-heidelberg.de\/wp-content\/uploads\/2022\/06\/whdfav60_upload-600x801.jpg 600w, https:\/\/www.weltladen-heidelberg.de\/wp-content\/uploads\/2022\/06\/whdfav60_upload-900x1201.jpg 900w, https:\/\/www.weltladen-heidelberg.de\/wp-content\/uploads\/2022\/06\/whdfav60_upload.jpg 1253w\" sizes=\"auto, (max-width: 300px) 100vw, 300px\" \/><\/figure>\n<\/div>\n\n\n<p><strong>Unser&nbsp;Stehcaf\u00e9<\/strong><\/p>\n\n\n\n<p>Wer schon einmal in unserem Laden war, hat bemerkt, dass die Atmosph\u00e4re anders ist als in den meisten Gesch\u00e4ften. Uns ist es wichtig, dass es im Laden gem\u00fctlich ist. Wer hierher kommt, kann sich beim Kaffeetrinken ruhig umschauen und der Musik aus aller Welt lauschen oder mit einer unserer Zeitschriften oder B\u00fccher in der Lese-Ecke verweilen. Hier im Weltladen soll die Zeit \u2013 entgegen der allgemeinen Beschleunigung \u2013 noch etwas langsamer laufen.<\/p>\n\n\n\n<p>Gleichzeitig gibt es in unserem Stehcaf\u00e9 f\u00fcr jede(n) die Chance, ein paar der fairen Produkte schon mal auszuprobieren. Die hei\u00dfen und kalten Getr\u00e4nken schmecken in der gem\u00fctlichen Atmosph\u00e4re des Ladens nat\u00fcrlich besonders gut und laden Sie\/Euch zum Verbleiben \u2013 zu guten Gespr\u00e4chen und zum Pause machen \u2013 ein.<\/p>\n\n\n\n<p><\/p>\n\n\n\n<p><\/p>\n\n\n\n<p><\/p>\n\n\n\n<p><\/p>\n\n\n\n<p><\/p>\n\n\n\n<p><strong>Unser Angebot:<\/strong><\/p>\n\n\n\n<p>Alle Getr\u00e4nke gibt es auch zum Mitnehmen: Entweder im mitgebrachten Mehrweggef\u00e4\u00df, oder im Einweg-Becher (+10\u202fct).<\/p>\n\n\n\n<p>Kaffee 2,70 \u20ac<\/p>\n\n\n\n<p>Espresso 2,00 \u20ac<\/p>\n\n\n\n<p>Cappuccino 3,20 \u20ac<\/p>\n\n\n\n<p>Milchkaffee 3,20 \u20ac<\/p>\n\n\n\n<p>Caf\u00e9 Maroc 3,20 \u20ac<\/p>\n\n\n\n<p>Tee, verschiedene Sorten 2,70 \u20ac<\/p>\n\n\n\n<p>Kakao (s\u00fc\u00df oder herb) 3,20 \u20ac<\/p>\n\n\n\n<p>Faire Orangenlimonade \/ Cola 2,40 \u20ac<\/p>\n\n\n\n<p>verschiedene S\u00e4fte (z. B. Orangensaft, Apfel-Mango-Saft&#8230;) 2,80 \u20ac<\/p>\n\n\n\n<p>verschiedene s\u00fc\u00dfe Snacks, Schokoriegel, getrocknete Fr\u00fcchte etc.<\/p>\n\n\n\n<p>Gerne ersetzen wir Kuhmilch auf Wunsch durch Haferdrink.<\/p>\n","protected":false},"excerpt":{"rendered":"<p>Unser&nbsp;Stehcaf\u00e9 Wer schon einmal in unserem Laden war, hat bemerkt, dass die Atmosph\u00e4re anders ist als in den meisten Gesch\u00e4ften. Uns ist es wichtig, dass es im Laden gem\u00fctlich ist. Wer hierher kommt, kann sich beim Kaffeetrinken ruhig umschauen und &hellip;<\/p>\n<p class=\"read-more\"> <a class=\"more-link\" href=\"https:\/\/www.weltladen-heidelberg.de\/?page_id=14\"> <span class=\"screen-reader-text\">Stehcaf\u00e9<\/span> Read More &raquo;<\/a><\/p>\n","protected":false},"author":1,"featured_media":0,"parent":0,"menu_order":15,"comment_status":"closed","ping_status":"closed","template":"","meta":{"footnotes":""},"class_list":["post-14","page","type-page","status-publish","hentry"],"_links":{"self":[{"href":"https:\/\/www.weltladen-heidelberg.de\/index.php?rest_route=\/wp\/v2\/pages\/14","targetHints":{"allow":["GET"]}}],"collection":[{"href":"https:\/\/www.weltladen-heidelberg.de\/index.php?rest_route=\/wp\/v2\/pages"}],"about":[{"href":"https:\/\/www.weltladen-heidelberg.de\/index.php?rest_route=\/wp\/v2\/types\/page"}],"author":[{"embeddable":true,"href":"https:\/\/www.weltladen-heidelberg.de\/index.php?rest_route=\/wp\/v2\/users\/1"}],"replies":[{"embeddable":true,"href":"https:\/\/www.weltladen-heidelberg.de\/index.php?rest_route=%2Fwp%2Fv2%2Fcomments&post=14"}],"version-history":[{"count":23,"href":"https:\/\/www.weltladen-heidelberg.de\/index.php?rest_route=\/wp\/v2\/pages\/14\/revisions"}],"predecessor-version":[{"id":2865,"href":"https:\/\/www.weltladen-heidelberg.de\/index.php?rest_route=\/wp\/v2\/pages\/14\/revisions\/2865"}],"wp:attachment":[{"href":"https:\/\/www.weltladen-heidelberg.de\/index.php?rest_route=%2Fwp%2Fv2%2Fmedia&parent=14"}],"curies":[{"name":"wp","href":"https:\/\/api.w.org\/{rel}","templated":true}]}}