{"id":1165,"date":"2012-09-10T18:15:44","date_gmt":"2012-09-10T18:15:44","guid":{"rendered":"http:\/\/my.weltladen-heidelberg.de\/?page_id=1165"},"modified":"2012-09-10T18:23:05","modified_gmt":"2012-09-10T18:23:05","slug":"produktinfos-pendeluhren","status":"publish","type":"page","link":"https:\/\/www.weltladen-heidelberg.de\/?page_id=1165","title":{"rendered":"Produktinfo: Pendeluhren"},"content":{"rendered":"<h2><a href=\"http:\/\/my.weltladen-heidelberg.de\/wp-content\/uploads\/2012\/04\/Pendeluhren.jpg\"><img loading=\"lazy\" decoding=\"async\" class=\"alignleft size-medium wp-image-915\" title=\"Pendeluhren\" src=\"http:\/\/my.weltladen-heidelberg.de\/wp-content\/uploads\/2012\/04\/Pendeluhren-300x187.jpg\" alt=\"\" width=\"300\" height=\"187\" srcset=\"https:\/\/www.weltladen-heidelberg.de\/wp-content\/uploads\/2012\/04\/Pendeluhren-300x187.jpg 300w, https:\/\/www.weltladen-heidelberg.de\/wp-content\/uploads\/2012\/04\/Pendeluhren.jpg 640w\" sizes=\"auto, (max-width: 300px) 100vw, 300px\" \/><\/a>Los Oxidos \u2013 die keineswegs rostigen Hingucker<\/h2>\n<p><em>Ball spielende Elefanten, grazile T\u00e4nzerinnen, Eier legende H\u00fchner: Im ganzen Weltladen ticken lustige Pendeluhren, an den W\u00e4nden h\u00e4ngen kleine Wandtafeln und bunte Kleiderhaken. Die Kuh wackelt im Sekundentakt mit dem Euter, die Eule mit dem Schwanz. Der Hund spielt mit dem Knochen, die Katze mit der Maus und der Fu\u00dfballer setzt zum Schuss ins Tor an. Doch was genau steckt hinter diesen unterschiedlichen Tieren und Figuren?<\/em><\/p>\n<p>Schon 1994 wurde in Bogot\u00e1, der Hauptstadt Kolumbiens, aus einer Initiative heraus die Firma \u201eOxidos\u201c (die Rostigen) gegr\u00fcndet. Ehemalige Stra\u00dfenkinder werden beim Sammeln von Alteisen von dieser Initiative unterst\u00fctzt, indem\u00a0 ihnen eine bestimmte\u00a0 Mengenabnahme des Altmetalls garantiert wird.\u00a0 Aus den gesammelten Materialien werden in der Firma bunte Uhren, lustige Wandtafeln und Kleiderhaken hergestellt. Inzwischen arbeiten dort \u00fcber 30 MitarbeiterInnen, ein Drittel von ihnen sind zwischen 18 und 21 Jahren. Sie haben die M\u00f6glichkeit eine Ausbildung zu FacharbeiterInnen im Bereich der Metallverarbeitung zu machen, au\u00dferdem erhalten alle einen fairen Lohn und \u00e4rztliche Versorgung. Neben einem garantierten Rentenanspruch, werden die Menschen auch bei einem Gewinn der Firma beteiligt. Junge Frauen bekommen w\u00e4hrend der Schwangerschaft und nach der Geburt ihres Kindes Aufgaben, die sie zu Hause machen k\u00f6nnen, sind weiterhin mit der Firma verbunden und somit sozial abgesichert.<\/p>\n<p>Dieses Projekt unterst\u00fctzt neben Menschen auch die Natur, was den Gedanken der Nachhaltigkeit des Fairen Handels auf einer weiteren wichtigen Ebene trifft: Rohstoffe wie das Eisen werden durch die Wiederverwendung geschont, durch das Sammeln des Altmetalls wird der verbreitete Abfall gesammelt und verwertet.<\/p>\n<p>Seit 2007 ist die Firma mit dem Fair-Handels-Partner GLOBO verbunden. Dadurch werden die Uhren aus Kolumbien auch in Deutschland verkauft. Und auch nach Frankreich, Italien, Gro\u00dfbritannien, Griechenland, in die Schweiz und die USA bestehen Handelspartnerschaften. Die Initiative \u201eOxidos\u201c ist ein gutes Beispiel f\u00fcr ein faires Unternehmen. Es ist klein und \u00fcberschaubar, um eine Transparenz zu garantieren, jedoch auch gro\u00df genug, um auf Anfragen die Produktion zu steigern. Die Arbeitspl\u00e4tze sind sauber und nicht gef\u00e4hrlich.<\/p>\n<p>\u201eOxidos\u201c ist ein sch\u00f6nes Projekt, das Umweltschutz und soziale Arbeit verbindet. Und so macht es gleich noch mehr Freude, die Uhren, Wandtafeln oder Kleiderhaken in den eigenen Wohnbereich einzubringen.<\/p>\n<p><em>Mehr Informationen unter:<a href=\"http:\/\/my.weltladen-heidelberg.de\/wp-content\/uploads\/2012\/03\/Globo_Eule.jpg\"><img loading=\"lazy\" decoding=\"async\" title=\"Globo_Eule\" src=\"http:\/\/my.weltladen-heidelberg.de\/wp-content\/uploads\/2012\/03\/Globo_Eule.jpg\" alt=\"\" width=\"253\" height=\"200\" \/><\/a><\/em><br \/>\n<a href=\"http:\/\/www.oxidos.com.co\/\" target=\"_blank\">http:\/\/www.globo-fairtrade.de<\/a><\/p>\n","protected":false},"excerpt":{"rendered":"<p>Los Oxidos \u2013 die keineswegs rostigen Hingucker Ball spielende Elefanten, grazile T\u00e4nzerinnen, Eier legende H\u00fchner: Im ganzen Weltladen ticken lustige Pendeluhren, an den W\u00e4nden h\u00e4ngen kleine Wandtafeln und bunte Kleiderhaken. Die Kuh wackelt im Sekundentakt mit dem Euter, die Eule &hellip;<\/p>\n<p class=\"read-more\"> <a class=\"more-link\" href=\"https:\/\/www.weltladen-heidelberg.de\/?page_id=1165\"> <span class=\"screen-reader-text\">Produktinfo: Pendeluhren<\/span> Read More &raquo;<\/a><\/p>\n","protected":false},"author":1,"featured_media":0,"parent":9,"menu_order":0,"comment_status":"open","ping_status":"open","template":"","meta":{"footnotes":""},"class_list":["post-1165","page","type-page","status-publish","hentry"],"_links":{"self":[{"href":"https:\/\/www.weltladen-heidelberg.de\/index.php?rest_route=\/wp\/v2\/pages\/1165","targetHints":{"allow":["GET"]}}],"collection":[{"href":"https:\/\/www.weltladen-heidelberg.de\/index.php?rest_route=\/wp\/v2\/pages"}],"about":[{"href":"https:\/\/www.weltladen-heidelberg.de\/index.php?rest_route=\/wp\/v2\/types\/page"}],"author":[{"embeddable":true,"href":"https:\/\/www.weltladen-heidelberg.de\/index.php?rest_route=\/wp\/v2\/users\/1"}],"replies":[{"embeddable":true,"href":"https:\/\/www.weltladen-heidelberg.de\/index.php?rest_route=%2Fwp%2Fv2%2Fcomments&post=1165"}],"version-history":[{"count":12,"href":"https:\/\/www.weltladen-heidelberg.de\/index.php?rest_route=\/wp\/v2\/pages\/1165\/revisions"}],"predecessor-version":[{"id":1182,"href":"https:\/\/www.weltladen-heidelberg.de\/index.php?rest_route=\/wp\/v2\/pages\/1165\/revisions\/1182"}],"up":[{"embeddable":true,"href":"https:\/\/www.weltladen-heidelberg.de\/index.php?rest_route=\/wp\/v2\/pages\/9"}],"wp:attachment":[{"href":"https:\/\/www.weltladen-heidelberg.de\/index.php?rest_route=%2Fwp%2Fv2%2Fmedia&parent=1165"}],"curies":[{"name":"wp","href":"https:\/\/api.w.org\/{rel}","templated":true}]}}